 the ten thousands digit of 131809?
3
What is the hundred thousands digit of 5298405?
2
What is the hundreds digit of 219991?
9
What is the ten thousands digit of 15694?
1
What is the units digit of 272486?
6
What is the hundreds digit of 3359535?
5
What is the hundred thousands digit of 246374?
2
What is the thousands digit of 84368?
4
What is the tens digit of 266385?
8
What is the units digit of 485883?
3
What is the thousands digit of 5536802?
6
What is the hundreds digit of 1018441?
4
What is the ten thousands digit of 218086?
1
What is the hundreds digit of 10888?
8
What is the hundreds digit of 309709?
7
What is the units digit of 7230726?
6
What is the hundreds digit of 1664268?
2
What is the millions digit of 17593201?
7
What is the tens digit of 1338560?
6
What is the ten thousands digit of 388579?
8
What is the thousands digit of 151632?
1
What is the millions digit of 12045322?
2
What is the hundred thousands digit of 2550165?
5
What is the thousands digit of 717013?
7
What is the hundreds digit of 2560021?
0
What is the ten thousands digit of 550878?
5
What is the hundreds digit of 112279?
2
What is the thousands digit of 2756094?
6
What is the thousands digit of 1263791?
3
What is the tens digit of 72677?
7
What is the ten thousands digit of 221772?
2
What is the hundreds digit of 9517619?
6
What is the thousands digit of 457473?
7
What is the tens digit of 21158936?
3
What is the units digit of 104165?
5
What is the ten thousands digit of 1708069?
0
What is the hundred thousands digit of 9987243?
9
What is the hundred thousands digit of 2367200?
3
What is the hundred thousands digit of 1339565?
3
What is the millions digit of 2074559?
2
What is the thousands digit of 1639812?
9
What is the hundred thousands digit of 639301?
6
What is the hundreds digit of 538062?
0
What is the ten thousands digit of 294452?
9
What is the hundreds digit of 3424060?
0
What is the hundred thousands digit of 21365651?
3
What is the hundreds digit of 344539?
5
What is the units digit of 3696048?
8
What is the tens digit of 615311?
1
What is the millions digit of 18178573?
8
What is the ten thousands digit of 3048902?
4
What is the hundred thousands digit of 171488?
1
What is the thousands digit of 5307523?
7
What is the hundreds digit of 452634?
6
What is the tens digit of 1363331?
3
What is the millions digit of 1013876?
1
What is the millions digit of 5474169?
5
What is the tens digit of 585451?
5
What is the tens digit of 775412?
1
What is the millions digit of 1375792?
1
What is the hundreds digit of 4620057?
0
What is the tens digit of 204672?
7
What is the hundreds digit of 2055319?
3
What is the hundreds digit of 494669?
6
What is the thousands digit of 2709856?
9
What is the millions digit of 16009880?
6
What is the hundred thousands digit of 192041?
1
What is the units digit of 773571?
1
What is the thousands digit of 549969?
9
What is the thousands digit of 649411?
9
What is the hundreds digit of 8193890?
8
What is the ten thousands digit of 37483760?
8
What is the hundred thousands digit of 187219?
1
What is the ten thousands digit of 37469?
3
What is the hundreds digit of 2249295?
2
What is the hundreds digit of 689140?
1
What is the ten thousands digit of 85069?
8
What is the thousands digit of 365521?
5
What is the units digit of 419457?
7
What is the hundred thousands digit of 284105?
2
What is the units digit of 69899?
9
What is the tens digit of 210104?
0
What is the units digit of 159165?
5
What is the ten millions digit of 10514713?
1
What is the ten thousands digit of 2471594?
7
What is the thousands digit of 2041159?
1
What is the ten thousands digit of 1270425?
7
What is the hundreds digit of 66215?
2
What is the thousands digit of 418404?
8
What is the ten thousands digit of 354160?
5
What is the ten thousands digit of 29019?
2
What is the units digit of 10751863?
3
What is the tens digit of 25758729?
2
What is the units digit of 1689944?
4
What is the units digit of 9827818?
8
What is the ten thousands digit of 33851?
3
What is the units digit of 3982925?
5
What is the hundred thousands digit of 229910?
2
What is the units digit of 1608460?
0
What is the ten thousands digit of 20676541?
7
What is the hundred thousands digit of 2521127?
5
What is the ten thousands digit of 1789524?
8
What is the ten thousands digit of 12521004?
2
What is the millions digit of 1101037?
1
What is the hundreds digit of 132954?
9
What is the units digit of 479332?
2
What is the hundred thousands digit of 132035?
1
What is the units digit of 30463531?
1
What is the hundred thousands digit of 9276574?
2
What is the tens digit of 7164996?
9
What is the hundred thousands digit of 977819?
9
What is the units digit of 9805877?
7
What is the millions digit of 2641569?
2
What is the thousands digit of 162178?
2
What is the hundreds digit of 4363033?
0
What is the hundreds digit of 146833?
8
What is the units digit of 1201892?
2
What is the tens digit of 4289096?
9
What is the millions digit of 1942579?
1
What is the hundred thousands digit of 7330513?
3
What is the ten thousands digit of 666896?
6
What is the tens digit of 171858?
5
What is the units digit of 647207?
7
What is the hundreds digit of 882468?
4
What is the thousands digit of 11690348?
0
What is the ten thousands digit of 2151367?
5
What is the ten thousands digit of 1672807?
7
What is the hundred thousands digit of 2966649?
9
What is the units digit of 2788959?
9
What is the hundred thousands digit of 237853?
2
What is the thousands digit of 22293?
2
What is the hundred thousands digit of 332043?
3
What is the tens digit of 2274?
7
What is the units digit of 1409027?
7
What is the hundred thousands digit of 214296?
2
What is the hundred thousands digit of 3016418?
0
What is the millions digit of 4806547?
4
What is the tens digit of 170162?
6
What is the tens digit of 1901095?
9
What is the units digit of 741148?
8
What is the hundred thousands digit of 2501428?
5
What is the hundreds digit of 4230082?
0
What is the hundreds digit of 986991?
9
What is the thousands digit of 2029145?
9
What is the thousands digit of 2311679?
1
What is the thousands digit of 60788?
0
What is the units digit of 3707181?
1
What is the hundred thousands digit of 113801?
1
What is the units digit of 3922908?
8
What is the tens digit of 751624?
2
What is the hundred thousands digit of 2512912?
5
What is the ten thousands digit of 2043563?
4
What is the tens digit of 6101932?
3
What is the hundred thousands digit of 1354566?
3
What is the tens digit of 2074244?
4
What is the thousands digit of 356718?
6
What is the tens digit of 8662888?
8
What is the hundreds digit of 992709?
7
What is the units digit of 5212?
2
What is the tens digit of 1054001?
0
What is the tens digit of 882190?
9
What is the hundreds digit of 45977?
9
What is the ten thousands digit of 2052666?
5
What is the hundreds digit of 527538?
5
What is the units digit of 222032?
2
What is the ten thousands digit of 1165190?
6
What is the tens digit of 80574?
7
What is the thousands digit of 69398?
9
What is the hundred thousands digit of 18001222?
0
What is the hundred thousands digit of 123361?
1
What is the millions digit of 24299719?
4
What is the thousands digit of 2374574?
4
What is the ten thousands digit of 25821?
2
What is the tens digit of 77179?
7
What is the units digit of 244261?
1
What is the hundred thousands digit of 14657115?
6
What is the thousands digit of 701438?
1
What is the hundred thousands digit of 3051322?
0
What is the hundred thousands digit of 444565?
4
What is the hundred thousands digit of 21989485?
9
What is the tens digit of 2722736?
3
What is the hundreds digit of 924479?
4
What is the tens digit of 1672450?
5
What is the hundreds digit of 142563?
5
What is the hundred thousands digit of 628338?
6
What is the ten thousands digit of 890806?
9
What is the tens digit of 2331587?
8
What is the hundred thousands digit of 2738877?
7
What is the hundred thousands digit of 211129?
2
What is the units digit of 766361?
1
What is the hundreds digit of 18120949?
9
What is the hundred thousands digit of 1874524?
8
What is the units digit of 207513?
3
What is the units digit of 96160?
0
What is the units digit of 14652153?
3
What i